*x + 12 = 6*x, 6 = 2*c + 2*x. Suppose c = -h + 6*h - 15. Suppose -2*s + h*s = 10. What is the tens digit of s?
1
Let z = 171 - -88. What is the units digit of z?
9
Suppose -4*m = -5*m + 9. Suppose y = -2*y + m. Suppose 2*u = -x + u + 19, x = y*u + 11. What is the tens digit of x?
1
Let p(q) = 8*q + 15. Let l(d) = 2*d + 4. Let s(h) = -9*l(h) + 2*p(h). Let x be s(-8). Suppose 0 = t - 4*u - x, t + 6 = -5*u + u. What is the units digit of t?
2
Let z(i) = -11*i**3 - 1. Let a be z(1). Let y(d) = -d + 1. Let c be y(a). Suppose 0*q = q - c. What is the units digit of q?
3
Let r(a) = -a + 9. Let t be r(9). Suppose -24 = -4*d - t*d. What is the units digit of d?
6
Let s(r) = 2*r + 52. What is the tens digit of s(0)?
5
Suppose 0 = -5*c + c + 16. Suppose -18 = -c*w + 2*w. Let t = -6 + w. What is the units digit of t?
3
Let j = 16 - -4. Suppose 0 = 4*u - j - 32. Suppose -14 - u = -3*a. What is the units digit of a?
9
Let r(b) = 1625*b - 169. Let y(q) = 29*q - 3. Let w(g) = -6*r(g) + 338*y(g). What is the tens digit of w(1)?
5
Let m be ((-16)/(-10))/4*-10. Let k(h) = -h**2 - 5*h - 5. Let c be k(m). Let s = 15 + c. What is the units digit of s?
4
Let b(j) = -j**2 + 2. Let m = 8 - 8. Let y be b(m). What is the units digit of 51/(-9)*-3 - y?
5
Let n(u) = -2*u + 9. Let m be n(-7). Let j = -15 + m. What is the units digit of j?
8
Suppose 4*l - 66 = l. Suppose -3*n = 0, -5*k - n = l - 157. What is the units digit of k?
7
Suppose h + 2*w = 6*w - 10, 2*h - 4*w = -12. Let z be (h - -1) + 5 - -1. Suppose 39 + 11 = z*m. What is the units digit of m?
0
Suppose 4*h - 439 = 5*c, -4*h - 5*c + 0*c + 489 = 0. What is the units digit of h?
6
Let h be ((-1)/1)/((-2)/14). Suppose -2*g + h*g - 98 = o, 0 = 4*o - 8. What is the units digit of g?
0
Let z = 314 + -106. What is the hundreds digit of z?
2
Suppose 0 = -z + 2 - 14. Let i be z/(-8)*(-8)/(-6). What is the units digit of 5 + 3 - (i - 0)?
6
Suppose -p = -22 - 8. What is the tens digit of p?
3
Suppose 3*q = -2*v + 11, 0*q + 2*q - 12 = v. Let t = 28 - q. What is the units digit of t?
3
Suppose 15 = -3*q + q + 5*k, 0 = k - 3. Let a be q/(-5 + 1 - -2). Suppose 5*v + a = 10. What is the units digit of v?
2
Let t be (-1)/(1 - 147/144). Let m = t - 29. What is the tens digit of m?
1
Suppose -11 - 34 = -3*b. What is the tens digit of b?
1
Let d = 87 - 21. Suppose -3*z + d = -15. What is the units digit of z/(5 + -2)*1?
9
Let m(b) be the third derivative of b**6/120 + 2*b**5/15 - 3*b**4/8 + b**3/2 + 2*b**2. Let r be m(-9). What is the units digit of 1/r - (-46)/6?
8
Suppose 0 = 3*z + 2*u - 13, 9 = z + 2*u + u. Suppose 4*p + h = -z*h - 24, h = -2. What is the units digit of 3 + 2 + p + 0?
1
Suppose 2*p - 6 = 2*c, -c + 0*p = -3*p - 5. Let t = 8 + c. What is the units digit of t?
1
Let o = -12 + 14. Let c(g) = g**2 + 4*g + 4. Let u(v) = -2*v**2 - 7*v - 7. Let m(s) = -7*c(s) - 4*u(s). What is the units digit of m(o)?
4
What is the tens digit of -1*((-20)/(-6))/5*-66?
4
Suppose 2 = 3*l - 4. Let g(s) = -8*s - 2*s**2 + 1 - 2 + s**l. What is the tens digit of g(-6)?
1
Let t = 21 + -24. Let p(d) = d**3 + 5*d**2 + 6. Let j be p(-5). Let x = j + t. What is the units digit of x?
3
Let s(b) = -18*b + 13. What is the tens digit of s(-2)?
4
Let i be 14/(-21) + (-244)/(-6). Let t = i - 28. What is the tens digit of t?
1
Suppose -5*p + 778 = -32. What is the tens digit of p?
6
Suppose -2*i + i + 3 = 0. What is the units digit of (2 - i)*(-2 + -6)?
8
Let o(r) = -2*r + 8. Let j be o(7). Let i = -5 - j. What is the units digit of i?
1
Let z = -190 + 289. Suppose -27 = -3*l + z. What is the units digit of (6/(-9))/((-4)/l)?
7
Suppose 0 = -2*o + 26 + 32. What is the tens digit of o?
2
Let l(m) = -m**2 - 9*m - 3. Let k be l(-8). Suppose -4*q + 5 = -a, 2*q - 19 = -0*a - k*a. What is the units digit of a?
3
Let c(h) be the second derivative of h**4/4 - 2*h**3/3 + h**2 + 10*h. What is the tens digit of c(5)?
5
Let j(t) = t**3 - 3*t**2 + 7*t - 10. What is the units digit of j(5)?
5
Let o(c) = 98*c**3 + c**2 - 3*c + 2. What is the tens digit of o(1)?
9
Suppose -4*u - 14 = 2*c - 8*u, c = u - 6. Let i(n) = -n**3 - 3*n**2 + n - 5. Let v be i(-4). Let k = c + v. What is the units digit of k?
2
Let g(c) = 16*c. Let q(z) = 17*z. Let a(w) = 5*g(w) - 4*q(w). Let s be a(2). Suppose 0*j = 3*j - s. What is the units digit of j?
8
Let n = -3 + 3. Suppose n = 4*d - 3*f - 37, -5*d + 5*f + 25 = -25. Let u(v) = v**3 - 6*v**2 - 7*v + 3. What is the units digit of u(d)?
3
Let i = 13 - 3. Suppose -2*v + i = -8. What is the units digit of v?
9
Suppose k - 2*q - 20 = 0, k + q = 5 - 0. Suppose 2*l = k - 0. What is the units digit of 4/(-10)*-5*l?
0
Let w(b) = 4*b**3. What is the units digit of w(2)?
2
Suppose 3*s = 30 - 3. What is the units digit of s?
9
Let v = 4 + 1. Suppose -v*h - 14 = -39. Suppose 0*y = 5*l + 4*y - 5, -2*l - h = 3*y. What is the units digit of l?
5
Let c(p) be the third derivative of p**4/24 + 4*p**3/3 - 3*p**2. What is the units digit of c(8)?
6
Let d = 3 - 1. Let v(w) = d*w + 1 - 2*w - 3*w. What is the units digit of v(-1)?
4
What is the units digit of (41 - 8/(-4)) + -4?
9
Let q(r) = r**3 - 5*r**2 - 2*r + 7. Let c be q(6). Let o(k) = k**2 + 4. Let m be o(-4). Let w = c - m. What is the tens digit of w?
1
Let v(z) = -3*z**2 + 7*z - 9*z - 13 + 5*z**2 - 8*z. What is the units digit of v(8)?
5
Let l = -12 + 51. What is the units digit of l?
9
Let u = -9 - -10. What is the units digit of u?
1
Let f(g) = 2*g + 1. Let p be f(6). Let n = p + 6. What is the units digit of n?
9
Suppose -9*u - 276 = -15*u. What is the tens digit of u?
4
Let h be -13 - 2 - (-1 - -3). Let t = -15 - h. What is the units digit of t?
2
Suppose -x - 2*x = -171. Suppose -4*y - 38 = -2*w, 0 = 3*w - 0*y - 4*y - x. What is the tens digit of w?
1
Let s be ((-24)/(-16))/((-6)/(-8)). Suppose -s*o - 4*y + 44 = 0, 4*y = 3*o + o - 148. What is the tens digit of o?
3
Let q be 6/(-27) - (-76)/18. Let m(i) = 7*i + q - 1 - i**2 - 6. What is the units digit of m(5)?
7
Let l = -34 + 350. What is the units digit of l?
6
Let j be (-1)/(-5) + (-117)/(-65). What is the tens digit of ((-10)/8)/(j/(-24))?
1
Suppose 4*m + 100 = 2*z, 3*z - 194 = -z + 2*m. What is the units digit of z?
8
Let a(h) = -h**3 - 2*h**2 - 4*h + 5. What is the units digit of a(-4)?
3
Let y be 0*((-15)/6)/(-5). Suppose y = -3*u + 4*u - 3. What is the units digit of u?
3
Let l(g) = 5*g**2 + 1. Let p be l(-1). Suppose -3*z = -z - p. What is the units digit of z?
3
Suppose -2 = -2*x + 4*g, 0*x + 4*x - 24 = 3*g. What is the units digit of x?
9
Suppose -26 + 98 = 2*h. What is the tens digit of h?
3
Let j = 18 - 19. Let q = j - -5. What is the units digit of q?
4
Suppose -3*m = -12*m + 45. What is the units digit of m?
5
Let h be 3 + (3 - 2)/1. Suppose -5*s = h*g - 190, 4*g - 50 = 4*s - 166. What is the units digit of s?
4
Let k(z) = 31*z**3 - z**2. Let y be k(1). Suppose 8*m = 3*m + y. What is the units digit of m?
6
Let u(v) = 4*v. Let a(o) = -o - 1. Let j(z) = -2*a(z) + u(z). Let s be j(-8). What is the units digit of (-5)/(-20) + s/(-8)?
6
What is the hundreds digit of (-404)/6*(3 + (-45)/10)?
1
Let w = -34 - -70. Suppose d - s + 3 = 2*d, 4*d - 2*s - w = 0. Suppose -2 = -q - 2*o - d, q + 4*o = -11. What is the units digit of q?
1
Let g = -42 - -71. What is the units digit of g?
9
Let w(g) = -2*g - 11. Let i be w(-8). Suppose -4*u = -n + 12 + 8, i*u + 25 = 0. Suppose n = x - 2*x + 3. What is the units digit of x?
3
Let z = 5 - -5. Suppose o = 2*o - z. What is the units digit of o?
0
Suppose 0 = 2*d + d + 15, -4*h - d = -131. What is the tens digit of h?
3
Let a(j) = j**2 + 4*j + 24. What is the tens digit of a(-5)?
2
Let w(s) = 9*s**2 + 1. Let q = -12 - -13. What is the units digit of w(q)?
0
Let b be 4 - 0 - 1/(-1). Suppose -2*l + 10 = -0*l, b*s = 5*l + 25. What is the tens digit of s?
1
Let l(z) = -2*z**3 - 9*z**2 + 12*z + 27. What is the units digit of l(-7)?
8
Let t be 4/(-26) - (-150)/(-39). Let b be (3*1)/(t + 5). Suppose -b*a + 32 = -2*i, i = -4*a - 6 + 34. What is the units digit of a?
8
Let r(m) = m**2 - 2*m + 1. Let w be r(3). What is the units digit of -2 - (-18)/w*2?
7
Let n = -104 - -115. What is the units digit of n?
1
Suppose -4*x + 7 + 21 = 0. Suppose -s + 8 + x = 0. What is the tens digit of s?
1
Let a(i) be the first der